 p(-3)?
6
Let l be ((-1)/2)/(9/72). Let c(r) = -r**3 - 2*r**2 + r - 5. What is the tens digit of c(l)?
2
What is the units digit of (11/3 + -4)*-345?
5
What is the tens digit of 6 + 134 + (-6)/(-3)?
4
Let z be 84/35*(-20)/3. Suppose -7 = -4*o - 31. Let m = o - z. What is the tens digit of m?
1
Let h(o) = o**3 + 7*o**2 + 10. Let u = 16 + -28. Let r be (-17)/2 + (-18)/u. What is the units digit of h(r)?
0
Suppose -3*x - 3 = 5*r - 26, -5*x + 9 = r. Suppose -x = j - 8. Suppose u - 4 = -0*y - 2*y, -u + j = y. What is the units digit of u?
0
Let l be (0 + -1 - -1) + 15. Suppose -3*z = l, 4*m + 3*z - 2*z + 105 = 0. Let c = 40 + m. What is the units digit of c?
5
Let s = 2 + 0. Let u be (4 - 2)/(-1*s). Let w = 2 + u. What is the units digit of w?
1
Let x be ((-1)/(-3))/((-1)/(-15)). Suppose x*o = o. Suppose 2*b = -o*b + 6. What is the units digit of b?
3
Let k = 8 - 2. Let v = 12 - k. Suppose -5*q + v - 1 = 0. What is the units digit of q?
1
Suppose -196 = -2*a + 5*f, 3*a - 3*f - f = 280. Let p = -51 + a. What is the tens digit of p?
3
Let u(o) = 2*o**2 + 3*o - 1. Let s be u(-3). Suppose x - 5*x - s = 0. What is the units digit of 4*(x + 1)*-2?
8
What is the units digit of (502/(-4))/((6/(-12))/1)?
1
Let t = 193 - 115. What is the tens digit of t?
7
Let w = 51 + 155. What is the hundreds digit of w?
2
Let k(u) be the first derivative of -2*u**2 - 4*u - 2. Suppose 2*c + 12 = -2*c. What is the units digit of k(c)?
8
Let u be 4/(-2)*(-1 - -2). What is the tens digit of (-2)/u - (-14 + 2)?
1
Let u = -8 + 11. Let a be ((-6)/(-10))/(u/15). What is the units digit of ((-9)/a)/3*-3?
3
Suppose 2*u + 0*u = 16. Let i be u/(-6)*12/(-8). What is the units digit of 62/8 + i/8?
8
What is the tens digit of 35 + -2 + -3 + 7?
3
Suppose m + 210 = 4*m. Let d = -48 + m. What is the units digit of d?
2
Suppose -3*k + j = -0*j - 176, -3*k + 146 = 5*j. What is the tens digit of k?
5
Let u(h) be the first derivative of h**2/2 + 5*h - 1. Let z be u(5). Suppose 2*r - z = 0, -4*r - 1 = -2*x - 3*r. What is the units digit of x?
3
Suppose 0 = -2*i - 0*i - 38. Let a = i + 52. What is the tens digit of a?
3
Let o(c) be the first derivative of -c**6/120 + c**5/30 + c**4/24 - c**2/2 + 4. Let w(t) be the second derivative of o(t). What is the tens digit of w(-2)?
1
Suppose 0 - 2 = m. Let s = -1 - m. What is the units digit of (-6)/(-9)*15 - s?
9
Suppose 3*n = c + 7*n - 63, 5*n = -3*c + 175. What is the units digit of c?
5
Suppose -18 = -3*y - 6, c - 17 = -3*y. Suppose -5*w = 5*u - 45, 10 + c = 5*w - 5*u. What is the units digit of w?
6
Let k(y) = y + 12. Let n be k(-10). Let g(c) be the second derivative of -c**5/20 + c**4/4 - c**2 + c. What is the units digit of g(n)?
2
Suppose -3*m = -2*a + 7*a - 509, 0 = -a + 5*m + 85. What is the hundreds digit of a?
1
Let b(y) = y**3 - 3*y**2 + 3*y. Let l be b(3). Let s = 14 - l. Let a(f) = -f**3 + 4*f**2 + 6*f + 3. What is the units digit of a(s)?
8
Let a(r) = 7*r**2 + 22*r + 1. Let i(u) = -3*u**2 - 11*u. Let m(d) = -2*a(d) - 5*i(d). What is the units digit of m(-12)?
0
Let z(r) = -r**3 - 6*r**2 + 2*r - 2. Let i(d) = -d + 1. Let m(c) = -6*i(c) - z(c). Let x be m(-4). Suppose y = 5*y - x. What is the units digit of y?
3
Suppose -3*z + 8 = -1. Let s be 0*(-1 + 6/3). Let c = z + s. What is the units digit of c?
3
Let w(t) = -t. What is the units digit of w(-11)?
1
Let n(b) be the third derivative of -7/6*b**3 - 1/12*b**5 + 1/120*b**6 + b**2 + 0*b + 0 + 1/8*b**4. What is the units digit of n(5)?
8
Let p(n) be the third derivative of n**6/120 - n**5/4 + 2*n**4/3 - 13*n**3/6 - 9*n**2. What is the tens digit of p(14)?
1
Suppose -3*k - 87 = -6*k. Suppose -2*w + 13 = 3*m, -2*m - k = -2*w - 11. Let i = w - 5. What is the units digit of i?
3
Suppose 3*z = t + 52 - 16, 5*t - 2*z + 193 = 0. Let o = -19 - t. What is the tens digit of o?
2
Suppose 0 = -2*w - 4*g + 3 + 525, 1268 = 5*w - 3*g. What is the units digit of w?
6
Let h = 60 - 0. What is the units digit of h?
0
What is the hundreds digit of (-2096)/12*(-3)/4?
1
What is the tens digit of (2/(-5))/((-12)/1500)?
5
What is the units digit of (0 - -1)/(2/114)?
7
Let n(i) = -2*i + 3. Let z = 1 - -8. Suppose z = -5*o - 6. What is the units digit of n(o)?
9
Suppose 0 = u + 3*x + 4, -x + 3*x = 5*u - 14. Let c(q) = 2*q - 2*q - 10 - 7*q + q**u. What is the units digit of c(9)?
8
Suppose b + 5 = 4*h - 0*b, 3*h + 10 = -2*b. Let o = h - -2. Suppose o*q + 2*q = 44. What is the units digit of q?
1
Suppose -2*r - 4 = -3*r - a, -8 = 2*r - 2*a. Suppose 3*f + 5*n - 5 = r, -n + 10 + 13 = 5*f. What is the units digit of f?
5
Suppose -7*l - 96 = -10*l. What is the tens digit of l?
3
Let m(t) = t**3 + 11*t**2 - 14*t + 8. What is the tens digit of m(-12)?
3
Let m = -6 - -4. Let l = -6 - m. Let p = l + 9. What is the units digit of p?
5
Suppose -2*v + 61 = -2*m - 7*v, -52 = 2*m - 4*v. Let l = 39 + m. What is the tens digit of l?
1
Let j = 11 - 5. Suppose 0 = 4*k - j*b + b - 120, -3*k = 2*b - 67. What is the tens digit of k?
2
Suppose 4*i = 2*i - 30. Let t = i + 9. Let s(a) = a**3 + 6*a**2 - 3*a - 6. What is the tens digit of s(t)?
1
Let k(p) = -p**2 + 6*p + 4. What is the units digit of k(6)?
4
Let o be 2324/8 + (-1)/(-2). Suppose 0 = 4*d + 5*m - o, 4*m - 104 = -3*d + 113. Suppose 2*g = 4*f - 74, -4*f = -3*g - 0*g - d. What is the units digit of f?
6
Suppose 0 = 5*p - 1 - 154. What is the units digit of p?
1
Let o = 52 - -171. What is the tens digit of o?
2
Suppose 73 = 3*a - 164. What is the units digit of a?
9
Suppose n = 5, 3*o - 151 = -o + n. What is the tens digit of o?
3
Suppose 3*k + 158 = 4*b, -6*b + 2*b + 160 = -4*k. Let n = 67 - b. What is the units digit of n?
9
Let i be 2*(-2)/4*-36. Suppose -i = -2*z - 0*z. Suppose -r + z = -0*r + 4*v, -5*r + 3*v = -67. What is the units digit of r?
4
Let q(y) = y**2 + 15. Suppose -2*w + 2*c + 2 = 0, -2 + 1 = -5*w + c. What is the tens digit of q(w)?
1
Suppose -4*f + 5*d - 101 = -378, -2*d = -3*f + 213. Let z = -39 + f. What is the tens digit of z?
3
Suppose u + 2 = -2*v, -1 + 3 = v + 2*u. Let z = -6 - -10. Let h = z + v. What is the units digit of h?
2
Suppose 2*p = -4 + 8. Let k(a) = -6*a + 6. Let b(r) = 6*r - 5. Let t(u) = 3*b(u) + 2*k(u). What is the units digit of t(p)?
9
Let y(u) = -13*u - 11. What is the hundreds digit of y(-17)?
2
Suppose 4*r - 9 = -l, 5*l = 2*r + 23 + 88. What is the units digit of l?
1
Suppose -4*q - 31 + 83 = 0. What is the units digit of q?
3
Let h(p) = -p**3 + 5*p**2 - p + 1. Let f be h(5). Let a = 4 + f. Suppose 0*g = 2*g, t + 2*g - 11 = a. What is the tens digit of t?
1
Let g be 1608/(-11) - 20/(-110). Let a = -95 - g. What is the units digit of a?
1
Suppose -5*u = t + 5, 0 = -u + t + 8 - 3. Suppose -3*k + 3 = -4*d + 2, 2*k + 5*d = 16. Let v = k + u. What is the units digit of v?
3
Suppose -k - 2*y + 1 = 0, -2*k - 2*y - y - 1 = 0. Let b(f) = -f - 3 - 1 - f. What is the units digit of b(k)?
6
Suppose 0 = -i - 0*i. Suppose i = a + 1, 2*s - 4*s + 39 = 5*a. Let y = s - 10. What is the units digit of y?
2
Suppose -3 = -h + 3. Suppose 0 = -h*w + 3*w + t + 50, -4*w + t = -67. What is the tens digit of w?
1
Suppose -8*m + 3*m + 90 = 0. What is the units digit of m?
8
Let q be 4/(-12) - 7/(-3). Suppose -c + 3*c = -t - q, -9 = 3*c. What is the units digit of t?
4
Let a = -2 - 9. Let p(o) = o + 8. Let d be p(a). What is the units digit of (13/(-3))/(1/d)?
3
Let c be (-12)/6*(-54)/4. Let m = -19 + c. What is the tens digit of 2/m + (-51)/(-4)?
1
Suppose -3 - 3 = -5*g - 4*t, 0 = -3*g + t + 7. Suppose -5*c + 56 = 4*i, -4*c + 28 = -g*c + 3*i. What is the units digit of c?
8
Suppose -c + 3 = -4*y - 5, -y = 3*c - 37. Suppose -c = -b - 2*b. Suppose -b*v + 5 = -7. What is the units digit of v?
3
What is the units digit of (2 + -3)*((-5 - -8) + -10)?
7
Suppose -78 = -7*d + 34. What is the units digit of d?
6
Let d = 2 + 1. Suppose -25 = y - 3*y + d*v, v - 5 = -2*y. What is the units digit of y?
5
Let h = 789 - 376. What is the tens digit of h?
1
Let l(z) = z**2 + 2*z + 9. Let f(x) = x**2 + 2*x + 9. Let r(u) = -4*f(u) + 5*l(u). What is the tens digit of r(-6)?
3
Suppose z - 12 = -2*z. What is the units digit of (4/(-14))/(z/(-14))?
1
What is the units digit of -4 + 40 + -2 - (2 - 2)?
4
Let q(d) be the second derivative of d**4/6 - d**3 - 3*d**2 + 6*d. Suppose -3*p - 